{"id":3281,"date":"2025-08-05T11:33:23","date_gmt":"2025-08-05T11:33:23","guid":{"rendered":"https:\/\/test-b96bf2.ingress-florina.ewp.live\/?page_id=3281"},"modified":"2025-08-06T15:26:47","modified_gmt":"2025-08-06T15:26:47","slug":"chalazion","status":"publish","type":"page","link":"https:\/\/dr-atidihanane.com\/?page_id=3281","title":{"rendered":"Chalazion"},"content":{"rendered":"\t\t<div data-elementor-type=\"wp-page\" data-elementor-id=\"3281\" class=\"elementor elementor-3281\">\n\t\t\t\t<div class=\"elementor-element elementor-element-38465f3 e-flex e-con-boxed e-con e-parent\" data-id=\"38465f3\" data-element_type=\"container\" data-e-type=\"container\">\n\t\t\t\t\t<div class=\"e-con-inner\">\n\t\t<div class=\"elementor-element elementor-element-e0290df e-con-full sidebar-area e-flex e-con e-child\" data-id=\"e0290df\" data-element_type=\"container\" data-e-type=\"container\">\n\t\t<div class=\"elementor-element elementor-element-c17f944 e-con-full e-flex e-con e-child\" data-id=\"c17f944\" data-element_type=\"container\" data-e-type=\"container\">\n\t\t\r\n\t\t<div class=\"elementor-element elementor-element-1fa503d widget widget_search   elementor-widget elementor-widget-wp-widget-mediax_search_form_widget\" data-id=\"1fa503d\" data-element_type=\"widget\" data-e-type=\"widget\" data-widget_type=\"wp-widget-mediax_search_form_widget.default\">\n\t\t\t\t<div class=\"elementor-widget-container\">\n\t\t\t\t\t<form class=\"search-form\" action=\"https:\/\/dr-atidihanane.com\/\"><input type=\"text\" name=\"s\" placeholder=\"Entrez un mot-cl\u00e9\"><button type=\"submit\"><i class=\"far fa-search\"><\/i><\/button><\/form>\t\t\t\t<\/div>\n\t\t\t\t<\/div>\n\t\t\t\t<\/div>\n\t\t<div class=\"elementor-element elementor-element-5e987f5 e-con-full e-flex e-con e-child\" data-id=\"5e987f5\" data-element_type=\"container\" data-e-type=\"container\">\n\t\t\t\t<div class=\"elementor-element elementor-element-318e2eb elementor-widget elementor-widget-mediaxservicelist\" data-id=\"318e2eb\" data-element_type=\"widget\" data-e-type=\"widget\" data-widget_type=\"mediaxservicelist.default\">\n\t\t\t\t<div class=\"elementor-widget-container\">\n\t\t\t\t\t<div class=\"widget widget_categories\"><h3 class=\"widget_title\">Nos Services<\/h3><ul><li><a href=\"https:\/\/dr-atidihanane.com\/?page_id=3174\">Explorations ophtalmologiques\n<\/a><\/li><li><a href=\"https:\/\/dr-atidihanane.com\/?page_id=3146\">Adaptation lentilles de contact\n<\/a><\/li><li><a href=\"https:\/\/dr-atidihanane.com\/?page_id=3257\">Chirurgie de la Cataracte\n<\/a><\/li><li><a href=\"https:\/\/dr-atidihanane.com\/?page_id=3265\">Cataracte secondaire\n<\/a><\/li><li><a href=\"https:\/\/dr-atidihanane.com\/?page_id=3287\">Pt\u00e9rygion et Pingu\u00e9cula\n<\/a><\/li><li><a href=\"https:\/\/dr-atidihanane.com\/?page_id=3265\">Chalazion<\/a><\/li><li><a href=\"https:\/\/dr-atidihanane.com\/?page_id=3272\">Bl\u00e9pharoplastie<\/a><\/li><li><a href=\"https:\/\/dr-atidihanane.com\/?page_id=3244\">Injections intravitr\u00e9ennes\n<\/a><\/li><li><a href=\"https:\/\/dr-atidihanane.com\/?page_id=3157\">Chirurgie r\u00e9fractive<\/a><\/li><li><a href=\"https:\/\/dr-atidihanane.com\/?page_id=3234\">Implant\u00a0PHAQUE<\/a><\/li><\/ul><\/div>\t\t\t\t<\/div>\n\t\t\t\t<\/div>\n\t\t\t\t<\/div>\n\t\t<div class=\"elementor-element elementor-element-b1b006e e-con-full e-flex e-con e-child\" data-id=\"b1b006e\" data-element_type=\"container\" data-e-type=\"container\">\n\t\t\t\t<div class=\"elementor-element elementor-element-01d70b4 elementor-widget elementor-widget-mediaxfeatures\" data-id=\"01d70b4\" data-element_type=\"widget\" data-e-type=\"widget\" data-widget_type=\"mediaxfeatures.default\">\n\t\t\t\t<div class=\"elementor-widget-container\">\n\t\t\t\t\t<div class=\"tab-schedule\"><h3 class=\"widget_title\">Heures de travail<\/h3><p class=\"box-text\">Lundi- Vendredi :<span>9 am - 6:30 pm<\/span><\/p><p class=\"box-text\">Samedi <span>9 am - 1 pm<\/span><\/p><p class=\"box-text\">Dimanche<span>Ferm\u00e9<\/span><\/p><\/div>\t\t\t\t<\/div>\n\t\t\t\t<\/div>\n\t\t\t\t<\/div>\n\t\t\t\t<\/div>\n\t\t<div class=\"elementor-element elementor-element-e84d2c6 e-con-full e-flex e-con e-child\" data-id=\"e84d2c6\" data-element_type=\"container\" data-e-type=\"container\">\n\t\t\t\t<div class=\"elementor-element elementor-element-a2c80b1 elementor-widget elementor-widget-heading\" data-id=\"a2c80b1\" data-element_type=\"widget\" data-e-type=\"widget\" data-widget_type=\"heading.default\">\n\t\t\t\t\t<h2 class=\"elementor-heading-title elementor-size-default\">De quoi s'agit-il ?\n<\/h2>\t\t\t\t<\/div>\n\t\t\t\t<div class=\"elementor-element elementor-element-04381a4 elementor-widget elementor-widget-text-editor\" data-id=\"04381a4\" data-element_type=\"widget\" data-e-type=\"widget\" data-widget_type=\"text-editor.default\">\n\t\t\t\t\t\t\t\t\t<p>Le\u00a0<strong>chalazion<\/strong>, ou\u00a0<strong>kyste de Meibomius<\/strong>, consiste en une\u00a0<strong>inflammation granulomateuse chronique<\/strong>\u00a0et st\u00e9rile des glandes de Meibomius secondaire \u00e0 la r\u00e9tention de sa s\u00e9cr\u00e9tion graisseuse, ce qui provoque une l\u00e9sion nodulaire au niveau des paupi\u00e8res. Il peut appara\u00eetre \u00e0 tout \u00e2ge et de fa\u00e7on r\u00e9currente.<\/p>\t\t\t\t\t\t\t\t<\/div>\n\t\t\t\t<div class=\"elementor-element elementor-element-599b783 elementor-widget elementor-widget-heading\" data-id=\"599b783\" data-element_type=\"widget\" data-e-type=\"widget\" data-widget_type=\"heading.default\">\n\t\t\t\t\t<h3 class=\"elementor-heading-title elementor-size-default\">Sympt\u00f4mes<\/h3>\t\t\t\t<\/div>\n\t\t\t\t<div class=\"elementor-element elementor-element-c3aee05 elementor-widget elementor-widget-text-editor\" data-id=\"c3aee05\" data-element_type=\"widget\" data-e-type=\"widget\" data-widget_type=\"text-editor.default\">\n\t\t\t\t\t\t\t\t\t<p>Il se pr\u00e9sente g\u00e9n\u00e9ralement sous la forme d&#8217;un\u00a0<strong>nodule de consistance dure et indolore<\/strong>. Parfois, il peut se surinfecter (orgelet) provoquant des douleurs aux paupi\u00e8res et des rougeurs, ou encore\u00a0s&#8217;accompagner de s\u00e9cr\u00e9tions\u00a0purulentes.<\/p>\t\t\t\t\t\t\t\t<\/div>\n\t\t\t\t<div class=\"elementor-element elementor-element-3d55f2f elementor-widget elementor-widget-heading\" data-id=\"3d55f2f\" data-element_type=\"widget\" data-e-type=\"widget\" data-widget_type=\"heading.default\">\n\t\t\t\t\t<h3 class=\"elementor-heading-title elementor-size-default\">Quand consulter votre ophtalmologue?\n<\/h3>\t\t\t\t<\/div>\n\t\t\t\t<div class=\"elementor-element elementor-element-d1ecf34 elementor-widget elementor-widget-text-editor\" data-id=\"d1ecf34\" data-element_type=\"widget\" data-e-type=\"widget\" data-widget_type=\"text-editor.default\">\n\t\t\t\t\t\t\t\t\t<p>En cas de\u00a0<strong>rougeur\u00a0des<\/strong>\u00a0<strong>paupi\u00e8res\u00a0<\/strong>ou de douleur, il faut consulter un ophtalmologue\u00a0car il s&#8217;agit de\u00a0signes indiquant g\u00e9n\u00e9ralement une surinfection, pour pouvoir\u00a0ainsi commencer le traitement appropri\u00e9 le plus t\u00f4t possible.<\/p><p>M\u00eame s&#8217;il se pr\u00e9sente comme une l\u00e9sion indolore et dont la taille demeure\u00a0stable, mais qu&#8217;il est difficile pour le patient de l&#8217;accepter\u00a0esth\u00e9tiquement, nous vous recommandons de consulter un ophtalmologue.<\/p>\t\t\t\t\t\t\t\t<\/div>\n\t\t\t\t<div class=\"elementor-element elementor-element-7a541e7 elementor-widget elementor-widget-heading\" data-id=\"7a541e7\" data-element_type=\"widget\" data-e-type=\"widget\" data-widget_type=\"heading.default\">\n\t\t\t\t\t<h3 class=\"elementor-heading-title elementor-size-default\">Causes et facteurs de risque\n<\/h3>\t\t\t\t<\/div>\n\t\t\t\t<div class=\"elementor-element elementor-element-cc735a2 elementor-widget elementor-widget-text-editor\" data-id=\"cc735a2\" data-element_type=\"widget\" data-e-type=\"widget\" data-widget_type=\"text-editor.default\">\n\t\t\t\t\t\t\t\t\t<p>Il est fr\u00e9quent qu&#8217;il\u00a0survienne dans le cadre d&#8217;une\u00a0<strong>maladie\u00a0dermatologique<\/strong>\u00a0telle que l&#8217;<strong>acn\u00e9 rosac\u00e9e<\/strong>\u00a0et soit associ\u00e9e \u00e0 une\u00a0<strong>bl\u00e9pharite<\/strong>. Chez les enfants, elle peut \u00eatre associ\u00e9e \u00e0 une hyperm\u00e9tropie non corrig\u00e9e.<\/p><p>\u00a0<\/p>\t\t\t\t\t\t\t\t<\/div>\n\t\t\t\t<div class=\"elementor-element elementor-element-8b344df elementor-widget elementor-widget-heading\" data-id=\"8b344df\" data-element_type=\"widget\" data-e-type=\"widget\" data-widget_type=\"heading.default\">\n\t\t\t\t\t<h3 class=\"elementor-heading-title elementor-size-default\">Pr\u00e9vention\n<\/h3>\t\t\t\t<\/div>\n\t\t\t\t<div class=\"elementor-element elementor-element-6a71e05 elementor-widget elementor-widget-text-editor\" data-id=\"6a71e05\" data-element_type=\"widget\" data-e-type=\"widget\" data-widget_type=\"text-editor.default\">\n\t\t\t\t\t\t\t\t\t<p><strong>Pour \u00e9viter<\/strong>\u00a0l&#8217;apparition des chalazions (ainsi que des orgelets), il faut privil\u00e9gier une\u00a0<strong>alimentation riche en acides om\u00e9ga 3<\/strong>, ainsi qu&#8217;une bonne\u00a0<strong>hygi\u00e8ne<\/strong>\u00a0des paupi\u00e8res, masser les paupi\u00e8res et bien nettoyer la base des cils avec des lingettes sp\u00e9cifiques. Tout aussi important est le nettoyage du maquillage (comme le mascara ou l&#8217;eyeliner) qui affecte directement la zone de sortie de ces glandes.<\/p><p>Chez les patients ayant des ant\u00e9c\u00e9dents d&#8217;acn\u00e9 rosac\u00e9e, de chalazions r\u00e9currents ou de bl\u00e9pharite, il est essentiel d&#8217;\u00eatre suivi par un ophtalmologue\u00a0pour une bonne prise en charge\u00a0des\u00a0facteurs de risque.<\/p>\t\t\t\t\t\t\t\t<\/div>\n\t\t<div class=\"elementor-element elementor-element-47e808a e-con-full e-flex e-con e-child\" data-id=\"47e808a\" data-element_type=\"container\" data-e-type=\"container\">\n\t\t<div class=\"elementor-element elementor-element-d4d5c1d e-con-full e-flex e-con e-child\" data-id=\"d4d5c1d\" data-element_type=\"container\" data-e-type=\"container\">\n\t\t\t\t<\/div>\n\t\t\t\t<\/div>\n\t\t\t\t<div class=\"elementor-element elementor-element-cb51e7e elementor-widget elementor-widget-heading\" data-id=\"cb51e7e\" data-element_type=\"widget\" data-e-type=\"widget\" data-widget_type=\"heading.default\">\n\t\t\t\t\t<h3 class=\"elementor-heading-title elementor-size-default\">Traitement<\/h3>\t\t\t\t<\/div>\n\t\t\t\t<div class=\"elementor-element elementor-element-97f1177 elementor-widget elementor-widget-text-editor\" data-id=\"97f1177\" data-element_type=\"widget\" data-e-type=\"widget\" data-widget_type=\"text-editor.default\">\n\t\t\t\t\t\t\t\t\t<p>Environ\u00a0<strong>un tiers des cas disparait\u00a0spontan\u00e9ment<\/strong>, il n&#8217;est\u00a0donc pas toujours n\u00e9cessaire de commencer\u00a0un traitement. Cependant, on opte g\u00e9n\u00e9ralement pour un traitement qui consiste\u00a0en un\u00a0<strong>massage des paupi\u00e8res utilisant\u00a0de la chaleur\u00a0<\/strong>et des lingettes sp\u00e9cifiques, en plus\u00a0qu&#8217;une lubrification adapt\u00e9e\u00a0\u00e0 la surface oculaire.<\/p><p>S&#8217;il se pr\u00e9sente sous forme d&#8217;orgelet, il faudra faire usage\u00a0d&#8217;une pommade antibiotique et anti-inflammatoire. Ce n&#8217;est que pour des\u00a0cas isol\u00e9s qu&#8217;on aura recourt\u00a0\u00e0 des antibiotiques par voie orale.<\/p><p>Les l\u00e9sions kystiques et persistantes, si elles\u00a0causent une g\u00eane\u00a0ou un probl\u00e8me\u00a0esth\u00e9tique\u00a0au\u00a0patient, devrons \u00eatre trait\u00e9es par\u00a0ablation chirurgicale. Si elles se\u00a0situent\u00a0pr\u00e8s du point lacrymal ou sur le bord libre de la paupi\u00e8re, on injecte une\u00a0petite dose\u00a0de corticost\u00e9ro\u00efdes.<\/p>\t\t\t\t\t\t\t\t<\/div>\n\t\t\t\t<\/div>\n\t\t\t\t\t<\/div>\n\t\t\t\t<\/div>\n\t\t\t\t<\/div>\n\t\t","protected":false},"excerpt":{"rendered":"<p>Nos Services Explorations ophtalmologiques Adaptation lentilles de contact Chirurgie de la Cataracte Cataracte secondaire Pt\u00e9rygion et Pingu\u00e9cula Chalazion Bl\u00e9pharoplastie Injections intravitr\u00e9ennes Chirurgie r\u00e9fractive Implant\u00a0PHAQUE Heures de travail Lundi- Vendredi :9 am &#8211; 6:30 pm Samedi 9 am &#8211; 1 pm DimancheFerm\u00e9 De quoi s&#8217;agit-il ? Le\u00a0chalazion, ou\u00a0kyste de Meibomius, consiste en une\u00a0inflammation granulomateuse chronique\u00a0et st\u00e9rile&#8230;<\/p>\n","protected":false},"author":1,"featured_media":0,"parent":0,"menu_order":0,"comment_status":"closed","ping_status":"closed","template":"template-builder.php","meta":{"footnotes":""},"class_list":["post-3281","page","type-page","status-publish","hentry"],"_links":{"self":[{"href":"https:\/\/dr-atidihanane.com\/index.php?rest_route=\/wp\/v2\/pages\/3281","targetHints":{"allow":["GET"]}}],"collection":[{"href":"https:\/\/dr-atidihanane.com\/index.php?rest_route=\/wp\/v2\/pages"}],"about":[{"href":"https:\/\/dr-atidihanane.com\/index.php?rest_route=\/wp\/v2\/types\/page"}],"author":[{"embeddable":true,"href":"https:\/\/dr-atidihanane.com\/index.php?rest_route=\/wp\/v2\/users\/1"}],"replies":[{"embeddable":true,"href":"https:\/\/dr-atidihanane.com\/index.php?rest_route=%2Fwp%2Fv2%2Fcomments&post=3281"}],"version-history":[{"count":11,"href":"https:\/\/dr-atidihanane.com\/index.php?rest_route=\/wp\/v2\/pages\/3281\/revisions"}],"predecessor-version":[{"id":3513,"href":"https:\/\/dr-atidihanane.com\/index.php?rest_route=\/wp\/v2\/pages\/3281\/revisions\/3513"}],"wp:attachment":[{"href":"https:\/\/dr-atidihanane.com\/index.php?rest_route=%2Fwp%2Fv2%2Fmedia&parent=3281"}],"curies":[{"name":"wp","href":"https:\/\/api.w.org\/{rel}","templated":true}]}}